{"id":273,"date":"2016-09-16T22:56:21","date_gmt":"2016-09-16T20:56:21","guid":{"rendered":"http:\/\/385981.test-my-website.de\/wordpress\/?page_id=273"},"modified":"2016-09-18T11:55:13","modified_gmt":"2016-09-18T09:55:13","slug":"chorleitung","status":"publish","type":"page","link":"https:\/\/www.joyandlight.de\/ueber-uns\/chorleitung\/","title":{"rendered":"Chorleitung"},"content":{"rendered":"<p><span style=\"font-size: 18pt;\">Mit Dynamik und Herz leitet den Chor seit 2001 Beatrix Steinh\u00fcbl, Diplom-Jazzs\u00e4ngerin und Staatlich gepr\u00fcfte Musiklehrerin.<\/span><\/p>\n","protected":false},"excerpt":{"rendered":"<p>Mit Dynamik und Herz leitet den Chor seit 2001 Beatrix Steinh\u00fcbl, Diplom-Jazzs\u00e4ngerin und Staatlich gepr\u00fcfte Musiklehrerin.<\/p>\n","protected":false},"author":1,"featured_media":0,"parent":0,"menu_order":0,"comment_status":"closed","ping_status":"closed","template":"","meta":{"ngg_post_thumbnail":0,"footnotes":""},"class_list":["post-273","page","type-page","status-publish","hentry"],"yoast_head":"<!-- This site is optimized with the Yoast SEO plugin v27.4 - https:\/\/yoast.com\/product\/yoast-seo-wordpress\/ -->\n<title>Chorleitung - Gospelchor-Joy-and-Light<\/title>\n<meta name=\"robots\" content=\"index, follow, max-snippet:-1, max-image-preview:large, max-video-preview:-1\" \/>\n<link rel=\"canonical\" href=\"https:\/\/www.joyandlight.de\/ueber-uns\/chorleitung\/\" \/>\n<meta property=\"og:locale\" content=\"de_DE\" \/>\n<meta property=\"og:type\" content=\"article\" \/>\n<meta property=\"og:title\" content=\"Chorleitung - Gospelchor-Joy-and-Light\" \/>\n<meta property=\"og:description\" content=\"Mit Dynamik und Herz leitet den Chor seit 2001 Beatrix Steinh\u00fcbl, Diplom-Jazzs\u00e4ngerin und Staatlich gepr\u00fcfte Musiklehrerin.\" \/>\n<meta property=\"og:url\" content=\"https:\/\/www.joyandlight.de\/ueber-uns\/chorleitung\/\" \/>\n<meta property=\"og:site_name\" content=\"Gospelchor-Joy-and-Light\" \/>\n<meta property=\"article:modified_time\" content=\"2016-09-18T09:55:13+00:00\" \/>\n<meta property=\"og:image\" content=\"https:\/\/www.joyandlight.de\/wp-content\/uploads\/2016\/09\/IMG_komplett-ansocht-1024x683.jpg\" \/>\n\t<meta property=\"og:image:width\" content=\"1024\" \/>\n\t<meta property=\"og:image:height\" content=\"683\" \/>\n\t<meta property=\"og:image:type\" content=\"image\/jpeg\" \/>\n<meta name=\"twitter:card\" content=\"summary_large_image\" \/>\n<script type=\"application\/ld+json\" class=\"yoast-schema-graph\">{\"@context\":\"https:\\\/\\\/schema.org\",\"@graph\":[{\"@type\":\"WebPage\",\"@id\":\"https:\\\/\\\/www.joyandlight.de\\\/ueber-uns\\\/chorleitung\\\/\",\"url\":\"https:\\\/\\\/www.joyandlight.de\\\/ueber-uns\\\/chorleitung\\\/\",\"name\":\"Chorleitung - Gospelchor-Joy-and-Light\",\"isPartOf\":{\"@id\":\"https:\\\/\\\/www.joyandlight.de\\\/ueber-uns\\\/#website\"},\"datePublished\":\"2016-09-16T20:56:21+00:00\",\"dateModified\":\"2016-09-18T09:55:13+00:00\",\"breadcrumb\":{\"@id\":\"https:\\\/\\\/www.joyandlight.de\\\/ueber-uns\\\/chorleitung\\\/#breadcrumb\"},\"inLanguage\":\"de\",\"potentialAction\":[{\"@type\":\"ReadAction\",\"target\":[\"https:\\\/\\\/www.joyandlight.de\\\/ueber-uns\\\/chorleitung\\\/\"]}]},{\"@type\":\"BreadcrumbList\",\"@id\":\"https:\\\/\\\/www.joyandlight.de\\\/ueber-uns\\\/chorleitung\\\/#breadcrumb\",\"itemListElement\":[{\"@type\":\"ListItem\",\"position\":1,\"name\":\"Startseite\",\"item\":\"https:\\\/\\\/www.joyandlight.de\\\/ueber-uns\\\/\"},{\"@type\":\"ListItem\",\"position\":2,\"name\":\"Chorleitung\"}]},{\"@type\":\"WebSite\",\"@id\":\"https:\\\/\\\/www.joyandlight.de\\\/ueber-uns\\\/#website\",\"url\":\"https:\\\/\\\/www.joyandlight.de\\\/ueber-uns\\\/\",\"name\":\"Gospelchor-Joy-and-Light\",\"description\":\"Bring Joy and Light into the heart of people\",\"publisher\":{\"@id\":\"https:\\\/\\\/www.joyandlight.de\\\/ueber-uns\\\/#organization\"},\"alternateName\":\"Webpage des Gospelchors Joy and Light\",\"potentialAction\":[{\"@type\":\"SearchAction\",\"target\":{\"@type\":\"EntryPoint\",\"urlTemplate\":\"https:\\\/\\\/www.joyandlight.de\\\/ueber-uns\\\/?s={search_term_string}\"},\"query-input\":{\"@type\":\"PropertyValueSpecification\",\"valueRequired\":true,\"valueName\":\"search_term_string\"}}],\"inLanguage\":\"de\"},{\"@type\":\"Organization\",\"@id\":\"https:\\\/\\\/www.joyandlight.de\\\/ueber-uns\\\/#organization\",\"name\":\"Gospelchor Joy&Light\",\"alternateName\":\"Gospelchor Joy&Light\",\"url\":\"https:\\\/\\\/www.joyandlight.de\\\/ueber-uns\\\/\",\"logo\":{\"@type\":\"ImageObject\",\"inLanguage\":\"de\",\"@id\":\"https:\\\/\\\/www.joyandlight.de\\\/ueber-uns\\\/#\\\/schema\\\/logo\\\/image\\\/\",\"url\":\"https:\\\/\\\/www.joyandlight.de\\\/wp-content\\\/uploads\\\/2016\\\/09\\\/logo-joy-and-light-e1474115253124.jpg\",\"contentUrl\":\"https:\\\/\\\/www.joyandlight.de\\\/wp-content\\\/uploads\\\/2016\\\/09\\\/logo-joy-and-light-e1474115253124.jpg\",\"width\":200,\"height\":172,\"caption\":\"Gospelchor Joy&Light\"},\"image\":{\"@id\":\"https:\\\/\\\/www.joyandlight.de\\\/ueber-uns\\\/#\\\/schema\\\/logo\\\/image\\\/\"}}]}<\/script>\n<!-- \/ Yoast SEO plugin. -->","yoast_head_json":{"title":"Chorleitung - Gospelchor-Joy-and-Light","robots":{"index":"index","follow":"follow","max-snippet":"max-snippet:-1","max-image-preview":"max-image-preview:large","max-video-preview":"max-video-preview:-1"},"canonical":"https:\/\/www.joyandlight.de\/ueber-uns\/chorleitung\/","og_locale":"de_DE","og_type":"article","og_title":"Chorleitung - Gospelchor-Joy-and-Light","og_description":"Mit Dynamik und Herz leitet den Chor seit 2001 Beatrix Steinh\u00fcbl, Diplom-Jazzs\u00e4ngerin und Staatlich gepr\u00fcfte Musiklehrerin.","og_url":"https:\/\/www.joyandlight.de\/ueber-uns\/chorleitung\/","og_site_name":"Gospelchor-Joy-and-Light","article_modified_time":"2016-09-18T09:55:13+00:00","og_image":[{"width":1024,"height":683,"url":"https:\/\/www.joyandlight.de\/wp-content\/uploads\/2016\/09\/IMG_komplett-ansocht-1024x683.jpg","type":"image\/jpeg"}],"twitter_card":"summary_large_image","schema":{"@context":"https:\/\/schema.org","@graph":[{"@type":"WebPage","@id":"https:\/\/www.joyandlight.de\/ueber-uns\/chorleitung\/","url":"https:\/\/www.joyandlight.de\/ueber-uns\/chorleitung\/","name":"Chorleitung - Gospelchor-Joy-and-Light","isPartOf":{"@id":"https:\/\/www.joyandlight.de\/ueber-uns\/#website"},"datePublished":"2016-09-16T20:56:21+00:00","dateModified":"2016-09-18T09:55:13+00:00","breadcrumb":{"@id":"https:\/\/www.joyandlight.de\/ueber-uns\/chorleitung\/#breadcrumb"},"inLanguage":"de","potentialAction":[{"@type":"ReadAction","target":["https:\/\/www.joyandlight.de\/ueber-uns\/chorleitung\/"]}]},{"@type":"BreadcrumbList","@id":"https:\/\/www.joyandlight.de\/ueber-uns\/chorleitung\/#breadcrumb","itemListElement":[{"@type":"ListItem","position":1,"name":"Startseite","item":"https:\/\/www.joyandlight.de\/ueber-uns\/"},{"@type":"ListItem","position":2,"name":"Chorleitung"}]},{"@type":"WebSite","@id":"https:\/\/www.joyandlight.de\/ueber-uns\/#website","url":"https:\/\/www.joyandlight.de\/ueber-uns\/","name":"Gospelchor-Joy-and-Light","description":"Bring Joy and Light into the heart of people","publisher":{"@id":"https:\/\/www.joyandlight.de\/ueber-uns\/#organization"},"alternateName":"Webpage des Gospelchors Joy and Light","potentialAction":[{"@type":"SearchAction","target":{"@type":"EntryPoint","urlTemplate":"https:\/\/www.joyandlight.de\/ueber-uns\/?s={search_term_string}"},"query-input":{"@type":"PropertyValueSpecification","valueRequired":true,"valueName":"search_term_string"}}],"inLanguage":"de"},{"@type":"Organization","@id":"https:\/\/www.joyandlight.de\/ueber-uns\/#organization","name":"Gospelchor Joy&Light","alternateName":"Gospelchor Joy&Light","url":"https:\/\/www.joyandlight.de\/ueber-uns\/","logo":{"@type":"ImageObject","inLanguage":"de","@id":"https:\/\/www.joyandlight.de\/ueber-uns\/#\/schema\/logo\/image\/","url":"https:\/\/www.joyandlight.de\/wp-content\/uploads\/2016\/09\/logo-joy-and-light-e1474115253124.jpg","contentUrl":"https:\/\/www.joyandlight.de\/wp-content\/uploads\/2016\/09\/logo-joy-and-light-e1474115253124.jpg","width":200,"height":172,"caption":"Gospelchor Joy&Light"},"image":{"@id":"https:\/\/www.joyandlight.de\/ueber-uns\/#\/schema\/logo\/image\/"}}]}},"_links":{"self":[{"href":"https:\/\/www.joyandlight.de\/ueber-uns\/wp-json\/wp\/v2\/pages\/273","targetHints":{"allow":["GET"]}}],"collection":[{"href":"https:\/\/www.joyandlight.de\/ueber-uns\/wp-json\/wp\/v2\/pages"}],"about":[{"href":"https:\/\/www.joyandlight.de\/ueber-uns\/wp-json\/wp\/v2\/types\/page"}],"author":[{"embeddable":true,"href":"https:\/\/www.joyandlight.de\/ueber-uns\/wp-json\/wp\/v2\/users\/1"}],"replies":[{"embeddable":true,"href":"https:\/\/www.joyandlight.de\/ueber-uns\/wp-json\/wp\/v2\/comments?post=273"}],"version-history":[{"count":2,"href":"https:\/\/www.joyandlight.de\/ueber-uns\/wp-json\/wp\/v2\/pages\/273\/revisions"}],"predecessor-version":[{"id":365,"href":"https:\/\/www.joyandlight.de\/ueber-uns\/wp-json\/wp\/v2\/pages\/273\/revisions\/365"}],"wp:attachment":[{"href":"https:\/\/www.joyandlight.de\/ueber-uns\/wp-json\/wp\/v2\/media?parent=273"}],"curies":[{"name":"wp","href":"https:\/\/api.w.org\/{rel}","templated":true}]}}